{"id":4983,"date":"2024-07-31T20:42:35","date_gmt":"2024-07-31T18:42:35","guid":{"rendered":"https:\/\/oekotierzucht.de\/?page_id=4983"},"modified":"2025-01-23T10:26:30","modified_gmt":"2025-01-23T09:26:30","slug":"the-oetz","status":"publish","type":"page","link":"https:\/\/oekotierzucht.de\/en\/die-oetz\/","title":{"rendered":"Die \u00d6TZ"},"content":{"rendered":"","protected":false},"excerpt":{"rendered":"<p>2015 wurde die \u00d6TZ (\u00d6kologische Tierzucht gGmbH) als gemeinn\u00fctzige Gesellschaft von den beiden Bio-Verb\u00e4nden Bioland und Demeter gegr\u00fcndet.\u202f Seither steht die \u00d6TZ f\u00fcr Bio von Anfang an. <\/p>","protected":false},"author":2,"featured_media":4044,"parent":0,"menu_order":0,"comment_status":"closed","ping_status":"closed","template":"","meta":{"footnotes":""},"class_list":["post-4983","page","type-page","status-publish","has-post-thumbnail","hentry"],"_links":{"self":[{"href":"https:\/\/oekotierzucht.de\/en\/wp-json\/wp\/v2\/pages\/4983","targetHints":{"allow":["GET"]}}],"collection":[{"href":"https:\/\/oekotierzucht.de\/en\/wp-json\/wp\/v2\/pages"}],"about":[{"href":"https:\/\/oekotierzucht.de\/en\/wp-json\/wp\/v2\/types\/page"}],"author":[{"embeddable":true,"href":"https:\/\/oekotierzucht.de\/en\/wp-json\/wp\/v2\/users\/2"}],"replies":[{"embeddable":true,"href":"https:\/\/oekotierzucht.de\/en\/wp-json\/wp\/v2\/comments?post=4983"}],"version-history":[{"count":2,"href":"https:\/\/oekotierzucht.de\/en\/wp-json\/wp\/v2\/pages\/4983\/revisions"}],"predecessor-version":[{"id":8552,"href":"https:\/\/oekotierzucht.de\/en\/wp-json\/wp\/v2\/pages\/4983\/revisions\/8552"}],"wp:featuredmedia":[{"embeddable":true,"href":"https:\/\/oekotierzucht.de\/en\/wp-json\/wp\/v2\/media\/4044"}],"wp:attachment":[{"href":"https:\/\/oekotierzucht.de\/en\/wp-json\/wp\/v2\/media?parent=4983"}],"curies":[{"name":"wp","href":"https:\/\/api.w.org\/{rel}","templated":true}]}}

Die ÖTZ

<p>2015 wurde die ÖTZ (Ökologische Tierzucht gGmbH) als gemeinnützige Gesellschaft von den beiden Bio-Verbänden Bioland und Demeter gegründet.  Seither steht die ÖTZ für Bio von Anfang an. </p>
